{"id":8,"date":"2025-06-13T21:44:38","date_gmt":"2025-06-13T21:44:38","guid":{"rendered":"https:\/\/diplomadossanmarcos.edu.pe\/compras\/carrito\/"},"modified":"2025-06-13T21:55:55","modified_gmt":"2025-06-13T21:55:55","slug":"carrito","status":"publish","type":"page","link":"https:\/\/diplomadossanmarcos.edu.pe\/compras\/carrito\/","title":{"rendered":"Carrito"},"content":{"rendered":"\n<div data-block-name=\"woocommerce\/cart\" class=\"wp-block-woocommerce-cart alignwide is-loading\">\n<div data-block-name=\"woocommerce\/filled-cart-block\" class=\"wp-block-woocommerce-filled-cart-block\">\n<div data-block-name=\"woocommerce\/cart-items-block\" class=\"wp-block-woocommerce-cart-items-block\">\n<div data-block-name=\"woocommerce\/cart-line-items-block\" class=\"wp-block-woocommerce-cart-line-items-block\"><\/div>\n\n\n\n<div data-block-name=\"woocommerce\/cart-cross-sells-block\" class=\"wp-block-woocommerce-cart-cross-sells-block\">\n<h2 class=\"wp-block-heading has-large-font-size\">Puede que te interese\u2026<\/h2>\n\n\n\n<div data-block-name=\"woocommerce\/cart-cross-sells-products-block\" class=\"wp-block-woocommerce-cart-cross-sells-products-block\"><\/div>\n<\/div>\n<\/div>\n\n\n\n<div data-block-name=\"woocommerce\/cart-totals-block\" class=\"wp-block-woocommerce-cart-totals-block\">\n<div data-block-name=\"woocommerce\/cart-order-summary-block\" class=\"wp-block-woocommerce-cart-order-summary-block\">\n<div data-block-name=\"woocommerce\/cart-order-summary-heading-block\" class=\"wp-block-woocommerce-cart-order-summary-heading-block\"><\/div><div data-block-name=\"woocommerce\/cart-order-summary-coupon-form-block\" class=\"wp-block-woocommerce-cart-order-summary-coupon-form-block\"><\/div><div data-block-name=\"woocommerce\/cart-order-summary-totals-block\" class=\"wp-block-woocommerce-cart-order-summary-totals-block\">\n<div data-block-name=\"woocommerce\/cart-order-summary-subtotal-block\" class=\"wp-block-woocommerce-cart-order-summary-subtotal-block\"><\/div>\n<div data-block-name=\"woocommerce\/cart-order-summary-discount-block\" class=\"wp-block-woocommerce-cart-order-summary-discount-block\"><\/div>\n<div data-block-name=\"woocommerce\/cart-order-summary-fee-block\" class=\"wp-block-woocommerce-cart-order-summary-fee-block\"><\/div>\n<div data-block-name=\"woocommerce\/cart-order-summary-shipping-block\" class=\"wp-block-woocommerce-cart-order-summary-shipping-block\"><\/div>\n<div data-block-name=\"woocommerce\/cart-order-summary-taxes-block\" class=\"wp-block-woocommerce-cart-order-summary-taxes-block\"><\/div><\/div>\n<\/div>\n\n\n\n<div data-block-name=\"woocommerce\/cart-express-payment-block\" class=\"wp-block-woocommerce-cart-express-payment-block\"><\/div>\n\n\n\n<div data-block-name=\"woocommerce\/proceed-to-checkout-block\" class=\"wp-block-woocommerce-proceed-to-checkout-block\"><\/div>\n\n\n\n<div data-block-name=\"woocommerce\/cart-accepted-payment-methods-block\" class=\"wp-block-woocommerce-cart-accepted-payment-methods-block\"><\/div>\n<\/div>\n<\/div>\n\n\n\n<div data-block-name=\"woocommerce\/empty-cart-block\" class=\"wp-block-woocommerce-empty-cart-block\">\n<h2 class=\"wp-block-heading has-text-align-center with-empty-cart-icon wc-block-cart__empty-cart__title\">\u00a1Tu carrito est\u00e1 actualmente vac\u00edo!<\/h2>\n\n\n\n<hr class=\"wp-block-separator has-alpha-channel-opacity is-style-dots\"\/>\n\n\n\n<h2 class=\"wp-block-heading has-text-align-center\">Nuevo en la tienda<\/h2>\n\n\n<div data-block-name=\"woocommerce\/product-new\" data-columns=\"4\" data-rows=\"1\" class=\"wc-block-grid wp-block-product-new wp-block-woocommerce-product-new wc-block-product-new has-4-columns\"><ul class=\"wc-block-grid__products\"><li class=\"wc-block-grid__product\">\n\t\t\t\t<a href=\"https:\/\/diplomadossanmarcos.edu.pe\/compras\/producto\/diploma-de-especializacion-en-gerencia-de-la-calidad-total\/\" class=\"wc-block-grid__product-link\">\n\t\t\t\t\t\n\t\t\t\t\t<div class=\"wc-block-grid__product-image\"><img loading=\"lazy\" decoding=\"async\" width=\"300\" height=\"300\" src=\"https:\/\/diplomadossanmarcos.edu.pe\/compras\/wp-content\/uploads\/2025\/08\/diplomado-de-gerencia-de-la-calidad-total-300x300.jpeg\" class=\"attachment-woocommerce_thumbnail size-woocommerce_thumbnail\" alt=\"Diploma de Especializaci\u00f3n en Gerencia de la Calidad Total\" srcset=\"https:\/\/diplomadossanmarcos.edu.pe\/compras\/wp-content\/uploads\/2025\/08\/diplomado-de-gerencia-de-la-calidad-total-300x300.jpeg 300w, https:\/\/diplomadossanmarcos.edu.pe\/compras\/wp-content\/uploads\/2025\/08\/diplomado-de-gerencia-de-la-calidad-total-1024x1024.jpeg 1024w, https:\/\/diplomadossanmarcos.edu.pe\/compras\/wp-content\/uploads\/2025\/08\/diplomado-de-gerencia-de-la-calidad-total-150x150.jpeg 150w, https:\/\/diplomadossanmarcos.edu.pe\/compras\/wp-content\/uploads\/2025\/08\/diplomado-de-gerencia-de-la-calidad-total-768x768.jpeg 768w, https:\/\/diplomadossanmarcos.edu.pe\/compras\/wp-content\/uploads\/2025\/08\/diplomado-de-gerencia-de-la-calidad-total-600x600.jpeg 600w, https:\/\/diplomadossanmarcos.edu.pe\/compras\/wp-content\/uploads\/2025\/08\/diplomado-de-gerencia-de-la-calidad-total-100x100.jpeg 100w, https:\/\/diplomadossanmarcos.edu.pe\/compras\/wp-content\/uploads\/2025\/08\/diplomado-de-gerencia-de-la-calidad-total.jpeg 1081w\" sizes=\"auto, (max-width: 300px) 100vw, 300px\" \/><\/div>\n\t\t\t\t\t<div class=\"wc-block-grid__product-title\">Diploma de Especializaci\u00f3n en Gerencia de la Calidad Total<\/div>\n\t\t\t\t<\/a>\n\t\t\t\t<div class=\"wc-block-grid__product-price price\"><span class=\"woocommerce-Price-amount amount\"><span class=\"woocommerce-Price-currencySymbol\">S\/<\/span>&nbsp;3,400.00<\/span><\/div>\n\t\t\t\t\n\t\t\t\t<div class=\"wp-block-button wc-block-grid__product-add-to-cart\"><a href=\"\/compras\/wp-json\/wp\/v2\/pages\/8?add-to-cart=338\" aria-label=\"A\u00f1adir al carrito: &ldquo;Diploma de Especializaci\u00f3n en Gerencia de la Calidad Total&rdquo;\" data-quantity=\"1\" data-product_id=\"338\" data-product_sku=\"\" data-price=\"3400\" rel=\"nofollow\" class=\"wp-block-button__link wp-element-button add_to_cart_button ajax_add_to_cart\">A\u00f1adir al carrito<\/a><\/div>\n\t\t\t<\/li><li class=\"wc-block-grid__product\">\n\t\t\t\t<a href=\"https:\/\/diplomadossanmarcos.edu.pe\/compras\/producto\/diploma-de-especializacion-en-seguridad-laboral-ssoma\/\" class=\"wc-block-grid__product-link\">\n\t\t\t\t\t\n\t\t\t\t\t<div class=\"wc-block-grid__product-image\"><img loading=\"lazy\" decoding=\"async\" width=\"300\" height=\"300\" src=\"https:\/\/diplomadossanmarcos.edu.pe\/compras\/wp-content\/uploads\/2025\/08\/diplomado-de-seguridad-laboral-ssoma-300x300.jpeg\" class=\"attachment-woocommerce_thumbnail size-woocommerce_thumbnail\" alt=\"Diploma de Especializaci\u00f3n en Seguridad Laboral SSOMA\" srcset=\"https:\/\/diplomadossanmarcos.edu.pe\/compras\/wp-content\/uploads\/2025\/08\/diplomado-de-seguridad-laboral-ssoma-300x300.jpeg 300w, https:\/\/diplomadossanmarcos.edu.pe\/compras\/wp-content\/uploads\/2025\/08\/diplomado-de-seguridad-laboral-ssoma-1024x1024.jpeg 1024w, https:\/\/diplomadossanmarcos.edu.pe\/compras\/wp-content\/uploads\/2025\/08\/diplomado-de-seguridad-laboral-ssoma-150x150.jpeg 150w, https:\/\/diplomadossanmarcos.edu.pe\/compras\/wp-content\/uploads\/2025\/08\/diplomado-de-seguridad-laboral-ssoma-768x768.jpeg 768w, https:\/\/diplomadossanmarcos.edu.pe\/compras\/wp-content\/uploads\/2025\/08\/diplomado-de-seguridad-laboral-ssoma-600x600.jpeg 600w, https:\/\/diplomadossanmarcos.edu.pe\/compras\/wp-content\/uploads\/2025\/08\/diplomado-de-seguridad-laboral-ssoma-100x100.jpeg 100w, https:\/\/diplomadossanmarcos.edu.pe\/compras\/wp-content\/uploads\/2025\/08\/diplomado-de-seguridad-laboral-ssoma.jpeg 1081w\" sizes=\"auto, (max-width: 300px) 100vw, 300px\" \/><\/div>\n\t\t\t\t\t<div class=\"wc-block-grid__product-title\">Diploma de Especializaci\u00f3n en Seguridad Laboral SSOMA<\/div>\n\t\t\t\t<\/a>\n\t\t\t\t<div class=\"wc-block-grid__product-price price\"><span class=\"woocommerce-Price-amount amount\"><span class=\"woocommerce-Price-currencySymbol\">S\/<\/span>&nbsp;3,400.00<\/span><\/div>\n\t\t\t\t\n\t\t\t\t<div class=\"wp-block-button wc-block-grid__product-add-to-cart\"><a href=\"\/compras\/wp-json\/wp\/v2\/pages\/8?add-to-cart=335\" aria-label=\"A\u00f1adir al carrito: &ldquo;Diploma de Especializaci\u00f3n en Seguridad Laboral SSOMA&rdquo;\" data-quantity=\"1\" data-product_id=\"335\" data-product_sku=\"\" data-price=\"3400\" rel=\"nofollow\" class=\"wp-block-button__link wp-element-button add_to_cart_button ajax_add_to_cart\">A\u00f1adir al carrito<\/a><\/div>\n\t\t\t<\/li><li class=\"wc-block-grid__product\">\n\t\t\t\t<a href=\"https:\/\/diplomadossanmarcos.edu.pe\/compras\/producto\/diploma-de-especializacion-en-gestion-comercial\/\" class=\"wc-block-grid__product-link\">\n\t\t\t\t\t\n\t\t\t\t\t<div class=\"wc-block-grid__product-image\"><img loading=\"lazy\" decoding=\"async\" width=\"300\" height=\"300\" src=\"https:\/\/diplomadossanmarcos.edu.pe\/compras\/wp-content\/uploads\/2025\/08\/diplomado-de-gestion-comercial-300x300.jpeg\" class=\"attachment-woocommerce_thumbnail size-woocommerce_thumbnail\" alt=\"Diploma de Especializaci\u00f3n en Gesti\u00f3n Comercial\" srcset=\"https:\/\/diplomadossanmarcos.edu.pe\/compras\/wp-content\/uploads\/2025\/08\/diplomado-de-gestion-comercial-300x300.jpeg 300w, https:\/\/diplomadossanmarcos.edu.pe\/compras\/wp-content\/uploads\/2025\/08\/diplomado-de-gestion-comercial-1024x1024.jpeg 1024w, https:\/\/diplomadossanmarcos.edu.pe\/compras\/wp-content\/uploads\/2025\/08\/diplomado-de-gestion-comercial-150x150.jpeg 150w, https:\/\/diplomadossanmarcos.edu.pe\/compras\/wp-content\/uploads\/2025\/08\/diplomado-de-gestion-comercial-768x768.jpeg 768w, https:\/\/diplomadossanmarcos.edu.pe\/compras\/wp-content\/uploads\/2025\/08\/diplomado-de-gestion-comercial-600x600.jpeg 600w, https:\/\/diplomadossanmarcos.edu.pe\/compras\/wp-content\/uploads\/2025\/08\/diplomado-de-gestion-comercial-100x100.jpeg 100w, https:\/\/diplomadossanmarcos.edu.pe\/compras\/wp-content\/uploads\/2025\/08\/diplomado-de-gestion-comercial.jpeg 1081w\" sizes=\"auto, (max-width: 300px) 100vw, 300px\" \/><\/div>\n\t\t\t\t\t<div class=\"wc-block-grid__product-title\">Diploma de Especializaci\u00f3n en Gesti\u00f3n Comercial<\/div>\n\t\t\t\t<\/a>\n\t\t\t\t<div class=\"wc-block-grid__product-price price\"><span class=\"woocommerce-Price-amount amount\"><span class=\"woocommerce-Price-currencySymbol\">S\/<\/span>&nbsp;3,400.00<\/span><\/div>\n\t\t\t\t\n\t\t\t\t<div class=\"wp-block-button wc-block-grid__product-add-to-cart\"><a href=\"\/compras\/wp-json\/wp\/v2\/pages\/8?add-to-cart=334\" aria-label=\"A\u00f1adir al carrito: &ldquo;Diploma de Especializaci\u00f3n en Gesti\u00f3n Comercial&rdquo;\" data-quantity=\"1\" data-product_id=\"334\" data-product_sku=\"\" data-price=\"3400\" rel=\"nofollow\" class=\"wp-block-button__link wp-element-button add_to_cart_button ajax_add_to_cart\">A\u00f1adir al carrito<\/a><\/div>\n\t\t\t<\/li><li class=\"wc-block-grid__product\">\n\t\t\t\t<a href=\"https:\/\/diplomadossanmarcos.edu.pe\/compras\/producto\/curso-de-especializacion-en-gestion-de-proyectos\/\" class=\"wc-block-grid__product-link\">\n\t\t\t\t\t\n\t\t\t\t\t<div class=\"wc-block-grid__product-image\"><img loading=\"lazy\" decoding=\"async\" width=\"300\" height=\"300\" src=\"https:\/\/diplomadossanmarcos.edu.pe\/compras\/wp-content\/uploads\/2025\/06\/curso-gestion-de-proyectos-en-la-unmsm-300x300.png\" class=\"attachment-woocommerce_thumbnail size-woocommerce_thumbnail\" alt=\"Curso de Especializaci\u00f3n en Gesti\u00f3n de Proyectos\" srcset=\"https:\/\/diplomadossanmarcos.edu.pe\/compras\/wp-content\/uploads\/2025\/06\/curso-gestion-de-proyectos-en-la-unmsm-300x300.png 300w, https:\/\/diplomadossanmarcos.edu.pe\/compras\/wp-content\/uploads\/2025\/06\/curso-gestion-de-proyectos-en-la-unmsm-1024x1024.png 1024w, https:\/\/diplomadossanmarcos.edu.pe\/compras\/wp-content\/uploads\/2025\/06\/curso-gestion-de-proyectos-en-la-unmsm-150x150.png 150w, https:\/\/diplomadossanmarcos.edu.pe\/compras\/wp-content\/uploads\/2025\/06\/curso-gestion-de-proyectos-en-la-unmsm-768x768.png 768w, https:\/\/diplomadossanmarcos.edu.pe\/compras\/wp-content\/uploads\/2025\/06\/curso-gestion-de-proyectos-en-la-unmsm-600x600.png 600w, https:\/\/diplomadossanmarcos.edu.pe\/compras\/wp-content\/uploads\/2025\/06\/curso-gestion-de-proyectos-en-la-unmsm-100x100.png 100w, https:\/\/diplomadossanmarcos.edu.pe\/compras\/wp-content\/uploads\/2025\/06\/curso-gestion-de-proyectos-en-la-unmsm.png 1081w\" sizes=\"auto, (max-width: 300px) 100vw, 300px\" \/><\/div>\n\t\t\t\t\t<div class=\"wc-block-grid__product-title\">Curso de Especializaci\u00f3n en Gesti\u00f3n de Proyectos<\/div>\n\t\t\t\t<\/a>\n\t\t\t\t<div class=\"wc-block-grid__product-price price\"><span class=\"woocommerce-Price-amount amount\"><span class=\"woocommerce-Price-currencySymbol\">S\/<\/span>&nbsp;820.00<\/span><\/div>\n\t\t\t\t\n\t\t\t\t<div class=\"wp-block-button wc-block-grid__product-add-to-cart\"><a href=\"\/compras\/wp-json\/wp\/v2\/pages\/8?add-to-cart=194\" aria-label=\"A\u00f1adir al carrito: &ldquo;Curso de Especializaci\u00f3n en Gesti\u00f3n de Proyectos&rdquo;\" data-quantity=\"1\" data-product_id=\"194\" data-product_sku=\"\" data-price=\"820\" rel=\"nofollow\" class=\"wp-block-button__link wp-element-button add_to_cart_button ajax_add_to_cart\">A\u00f1adir al carrito<\/a><\/div>\n\t\t\t<\/li><\/ul><\/div><\/div>\n<\/div>\n","protected":false},"excerpt":{"rendered":"","protected":false},"author":1,"featured_media":0,"parent":0,"menu_order":0,"comment_status":"closed","ping_status":"closed","template":"","meta":{"footnotes":""},"class_list":["post-8","page","type-page","status-publish","hentry"],"aioseo_notices":[],"_links":{"self":[{"href":"https:\/\/diplomadossanmarcos.edu.pe\/compras\/wp-json\/wp\/v2\/pages\/8","targetHints":{"allow":["GET"]}}],"collection":[{"href":"https:\/\/diplomadossanmarcos.edu.pe\/compras\/wp-json\/wp\/v2\/pages"}],"about":[{"href":"https:\/\/diplomadossanmarcos.edu.pe\/compras\/wp-json\/wp\/v2\/types\/page"}],"author":[{"embeddable":true,"href":"https:\/\/diplomadossanmarcos.edu.pe\/compras\/wp-json\/wp\/v2\/users\/1"}],"replies":[{"embeddable":true,"href":"https:\/\/diplomadossanmarcos.edu.pe\/compras\/wp-json\/wp\/v2\/comments?post=8"}],"version-history":[{"count":1,"href":"https:\/\/diplomadossanmarcos.edu.pe\/compras\/wp-json\/wp\/v2\/pages\/8\/revisions"}],"predecessor-version":[{"id":12,"href":"https:\/\/diplomadossanmarcos.edu.pe\/compras\/wp-json\/wp\/v2\/pages\/8\/revisions\/12"}],"wp:attachment":[{"href":"https:\/\/diplomadossanmarcos.edu.pe\/compras\/wp-json\/wp\/v2\/media?parent=8"}],"curies":[{"name":"wp","href":"https:\/\/api.w.org\/{rel}","templated":true}]}}